{"id":108,"date":"2021-07-06T19:22:45","date_gmt":"2021-07-06T17:22:45","guid":{"rendered":"https:\/\/su-zahntechnik.online\/?page_id=108"},"modified":"2021-07-08T20:02:23","modified_gmt":"2021-07-08T18:02:23","slug":"aesthetik","status":"publish","type":"page","link":"https:\/\/su-zahntechnik.online\/?page_id=108","title":{"rendered":"\u00c4sthetik"},"content":{"rendered":"\t\t<div data-elementor-type=\"wp-page\" data-elementor-id=\"108\" class=\"elementor elementor-108\">\n\t\t\t\t\t\t<section class=\"elementor-section elementor-top-section elementor-element elementor-element-2a8d484 elementor-section-stretched elementor-section-boxed elementor-section-height-default elementor-section-height-default\" data-id=\"2a8d484\" data-element_type=\"section\" data-settings=\"{&quot;stretch_section&quot;:&quot;section-stretched&quot;}\">\n\t\t\t\t\t\t<div class=\"elementor-container elementor-column-gap-default\">\n\t\t\t\t\t<div class=\"elementor-column elementor-col-50 elementor-top-column elementor-element elementor-element-2941512\" data-id=\"2941512\" data-element_type=\"column\">\n\t\t\t<div class=\"elementor-widget-wrap elementor-element-populated\">\n\t\t\t\t\t\t<div class=\"elementor-element elementor-element-ff4af12 elementor-widget elementor-widget-image\" data-id=\"ff4af12\" data-element_type=\"widget\" data-widget_type=\"image.default\">\n\t\t\t\t<div class=\"elementor-widget-container\">\n\t\t\t\t\t\t\t\t\t\t\t\t\t\t\t<img fetchpriority=\"high\" decoding=\"async\" width=\"400\" height=\"266\" src=\"https:\/\/su-zahntechnik.online\/wp-content\/uploads\/2021\/07\/su-zahntechnikruesselsheim29-396w.jpg\" class=\"attachment-large size-large wp-image-112\" alt=\"\" srcset=\"https:\/\/su-zahntechnik.online\/wp-content\/uploads\/2021\/07\/su-zahntechnikruesselsheim29-396w.jpg 400w, https:\/\/su-zahntechnik.online\/wp-content\/uploads\/2021\/07\/su-zahntechnikruesselsheim29-396w-300x200.jpg 300w\" sizes=\"100vw\" \/>\t\t\t\t\t\t\t\t\t\t\t\t\t\t\t<\/div>\n\t\t\t\t<\/div>\n\t\t\t\t\t<\/div>\n\t\t<\/div>\n\t\t\t\t<div class=\"elementor-column elementor-col-50 elementor-top-column elementor-element elementor-element-df7967b\" data-id=\"df7967b\" data-element_type=\"column\">\n\t\t\t<div class=\"elementor-widget-wrap elementor-element-populated\">\n\t\t\t\t\t\t<div class=\"elementor-element elementor-element-39cdaf7 elementor-widget elementor-widget-text-editor\" data-id=\"39cdaf7\" data-element_type=\"widget\" data-widget_type=\"text-editor.default\">\n\t\t\t\t<div class=\"elementor-widget-container\">\n\t\t\t\t\t\t\t\t\t<p style=\"text-align: center\">Klassische Vorher-Situation<\/p>\t\t\t\t\t\t\t\t<\/div>\n\t\t\t\t<\/div>\n\t\t\t\t\t<\/div>\n\t\t<\/div>\n\t\t\t\t\t<\/div>\n\t\t<\/section>\n\t\t\t\t<section class=\"elementor-section elementor-top-section elementor-element elementor-element-42e7609 elementor-section-stretched elementor-section-boxed elementor-section-height-default elementor-section-height-default\" data-id=\"42e7609\" data-element_type=\"section\" data-settings=\"{&quot;stretch_section&quot;:&quot;section-stretched&quot;}\">\n\t\t\t\t\t\t<div class=\"elementor-container elementor-column-gap-default\">\n\t\t\t\t\t<div class=\"elementor-column elementor-col-50 elementor-top-column elementor-element elementor-element-84607b7\" data-id=\"84607b7\" data-element_type=\"column\">\n\t\t\t<div class=\"elementor-widget-wrap elementor-element-populated\">\n\t\t\t\t\t\t<div class=\"elementor-element elementor-element-bacd689 elementor-widget elementor-widget-image\" data-id=\"bacd689\" data-element_type=\"widget\" data-widget_type=\"image.default\">\n\t\t\t\t<div class=\"elementor-widget-container\">\n\t\t\t\t\t\t\t\t\t\t\t\t\t\t\t<img decoding=\"async\" width=\"400\" height=\"267\" src=\"https:\/\/su-zahntechnik.online\/wp-content\/uploads\/2021\/07\/su-zahntechnikruesselsheim30-396w.jpg\" class=\"attachment-full size-full wp-image-113\" alt=\"\" srcset=\"https:\/\/su-zahntechnik.online\/wp-content\/uploads\/2021\/07\/su-zahntechnikruesselsheim30-396w.jpg 400w, https:\/\/su-zahntechnik.online\/wp-content\/uploads\/2021\/07\/su-zahntechnikruesselsheim30-396w-300x200.jpg 300w\" sizes=\"100vw\" \/>\t\t\t\t\t\t\t\t\t\t\t\t\t\t\t<\/div>\n\t\t\t\t<\/div>\n\t\t\t\t\t<\/div>\n\t\t<\/div>\n\t\t\t\t<div class=\"elementor-column elementor-col-50 elementor-top-column elementor-element elementor-element-f9e66c7\" data-id=\"f9e66c7\" data-element_type=\"column\">\n\t\t\t<div class=\"elementor-widget-wrap elementor-element-populated\">\n\t\t\t\t\t\t<div class=\"elementor-element elementor-element-38adbd7 elementor-widget elementor-widget-text-editor\" data-id=\"38adbd7\" data-element_type=\"widget\" data-widget_type=\"text-editor.default\">\n\t\t\t\t<div class=\"elementor-widget-container\">\n\t\t\t\t\t\t\t\t\t<p>Die Situation nachher mit Veneers aus Keramik bietet dem Patienten wieder Mut zum L\u00c4CHELN.<\/p>\t\t\t\t\t\t\t\t<\/div>\n\t\t\t\t<\/div>\n\t\t\t\t\t<\/div>\n\t\t<\/div>\n\t\t\t\t\t<\/div>\n\t\t<\/section>\n\t\t\t\t<section class=\"elementor-section elementor-top-section elementor-element elementor-element-3eb7b3b elementor-section-stretched elementor-section-boxed elementor-section-height-default elementor-section-height-default\" data-id=\"3eb7b3b\" data-element_type=\"section\" data-settings=\"{&quot;stretch_section&quot;:&quot;section-stretched&quot;}\">\n\t\t\t\t\t\t<div class=\"elementor-container elementor-column-gap-default\">\n\t\t\t\t\t<div class=\"elementor-column elementor-col-50 elementor-top-column elementor-element elementor-element-b6feb68\" data-id=\"b6feb68\" data-element_type=\"column\">\n\t\t\t<div class=\"elementor-widget-wrap elementor-element-populated\">\n\t\t\t\t\t\t<div class=\"elementor-element elementor-element-c90b52d elementor-widget elementor-widget-image\" data-id=\"c90b52d\" data-element_type=\"widget\" data-widget_type=\"image.default\">\n\t\t\t\t<div class=\"elementor-widget-container\">\n\t\t\t\t\t\t\t\t\t\t\t\t\t\t\t<img decoding=\"async\" width=\"400\" height=\"266\" src=\"https:\/\/su-zahntechnik.online\/wp-content\/uploads\/2021\/07\/su-zahntechnikruesselsheim6-396w.jpg\" class=\"attachment-full size-full wp-image-111\" alt=\"\" srcset=\"https:\/\/su-zahntechnik.online\/wp-content\/uploads\/2021\/07\/su-zahntechnikruesselsheim6-396w.jpg 400w, https:\/\/su-zahntechnik.online\/wp-content\/uploads\/2021\/07\/su-zahntechnikruesselsheim6-396w-300x200.jpg 300w\" sizes=\"100vw\" \/>\t\t\t\t\t\t\t\t\t\t\t\t\t\t\t<\/div>\n\t\t\t\t<\/div>\n\t\t\t\t\t<\/div>\n\t\t<\/div>\n\t\t\t\t<div class=\"elementor-column elementor-col-50 elementor-top-column elementor-element elementor-element-7a5c2be\" data-id=\"7a5c2be\" data-element_type=\"column\">\n\t\t\t<div class=\"elementor-widget-wrap elementor-element-populated\">\n\t\t\t\t\t\t<div class=\"elementor-element elementor-element-5139b44 elementor-widget elementor-widget-text-editor\" data-id=\"5139b44\" data-element_type=\"widget\" data-widget_type=\"text-editor.default\">\n\t\t\t\t<div class=\"elementor-widget-container\">\n\t\t\t\t\t\t\t\t\t<p>Altersbedingt abgenutzte Z\u00e4hne in der Vorher-Situation<\/p>\t\t\t\t\t\t\t\t<\/div>\n\t\t\t\t<\/div>\n\t\t\t\t\t<\/div>\n\t\t<\/div>\n\t\t\t\t\t<\/div>\n\t\t<\/section>\n\t\t\t\t<section class=\"elementor-section elementor-top-section elementor-element elementor-element-9398805 elementor-section-stretched elementor-section-boxed elementor-section-height-default elementor-section-height-default\" data-id=\"9398805\" data-element_type=\"section\" data-settings=\"{&quot;stretch_section&quot;:&quot;section-stretched&quot;}\">\n\t\t\t\t\t\t<div class=\"elementor-container elementor-column-gap-default\">\n\t\t\t\t\t<div class=\"elementor-column elementor-col-50 elementor-top-column elementor-element elementor-element-4c7c0c1\" data-id=\"4c7c0c1\" data-element_type=\"column\">\n\t\t\t<div class=\"elementor-widget-wrap elementor-element-populated\">\n\t\t\t\t\t\t<div class=\"elementor-element elementor-element-207707c elementor-widget elementor-widget-image\" data-id=\"207707c\" data-element_type=\"widget\" data-widget_type=\"image.default\">\n\t\t\t\t<div class=\"elementor-widget-container\">\n\t\t\t\t\t\t\t\t\t\t\t\t\t\t\t<img loading=\"lazy\" decoding=\"async\" width=\"400\" height=\"266\" src=\"https:\/\/su-zahntechnik.online\/wp-content\/uploads\/2021\/07\/su-zahntechnikruesselsheim35-396w.jpg\" class=\"attachment-full size-full wp-image-114\" alt=\"\" srcset=\"https:\/\/su-zahntechnik.online\/wp-content\/uploads\/2021\/07\/su-zahntechnikruesselsheim35-396w.jpg 400w, https:\/\/su-zahntechnik.online\/wp-content\/uploads\/2021\/07\/su-zahntechnikruesselsheim35-396w-300x200.jpg 300w\" sizes=\"100vw\" \/>\t\t\t\t\t\t\t\t\t\t\t\t\t\t\t<\/div>\n\t\t\t\t<\/div>\n\t\t\t\t\t<\/div>\n\t\t<\/div>\n\t\t\t\t<div class=\"elementor-column elementor-col-50 elementor-top-column elementor-element elementor-element-2c1795e\" data-id=\"2c1795e\" data-element_type=\"column\">\n\t\t\t<div class=\"elementor-widget-wrap elementor-element-populated\">\n\t\t\t\t\t\t<div class=\"elementor-element elementor-element-549e1ec elementor-widget elementor-widget-text-editor\" data-id=\"549e1ec\" data-element_type=\"widget\" data-widget_type=\"text-editor.default\">\n\t\t\t\t<div class=\"elementor-widget-container\">\n\t\t\t\t\t\t\t\t\t<p>Mit Zirkonkronen versorgte Z\u00e4hne um m\u00f6glichst naturgetreuen Zustand zu fr\u00fcher herzustellen.<\/p>\t\t\t\t\t\t\t\t<\/div>\n\t\t\t\t<\/div>\n\t\t\t\t\t<\/div>\n\t\t<\/div>\n\t\t\t\t\t<\/div>\n\t\t<\/section>\n\t\t\t\t<\/div>\n\t\t","protected":false},"excerpt":{"rendered":"<p>Klassische Vorher-Situation Die Situation nachher mit Veneers aus Keramik bietet dem Patienten wieder Mut zum L\u00c4CHELN. Altersbedingt abgenutzte Z\u00e4hne in der Vorher-Situation Mit Zirkonkronen versorgte Z\u00e4hne um m\u00f6glichst naturgetreuen Zustand zu fr\u00fcher herzustellen.<\/p>\n","protected":false},"author":1,"featured_media":80,"parent":0,"menu_order":0,"comment_status":"closed","ping_status":"closed","template":"","meta":{"footnotes":""},"class_list":["post-108","page","type-page","status-publish","has-post-thumbnail","hentry"],"yoast_head":"<!-- This site is optimized with the Yoast SEO plugin v26.6 - https:\/\/yoast.com\/wordpress\/plugins\/seo\/ -->\n<title>\u00c4sthetik - SU Zahntechnik<\/title>\n<meta name=\"robots\" content=\"index, follow, max-snippet:-1, max-image-preview:large, max-video-preview:-1\" \/>\n<link rel=\"canonical\" href=\"https:\/\/su-zahntechnik.online\/?page_id=108\" \/>\n<meta property=\"og:locale\" content=\"de_DE\" \/>\n<meta property=\"og:type\" content=\"article\" \/>\n<meta property=\"og:title\" content=\"\u00c4sthetik - SU Zahntechnik\" \/>\n<meta property=\"og:description\" content=\"Klassische Vorher-Situation Die Situation nachher mit Veneers aus Keramik bietet dem Patienten wieder Mut zum L\u00c4CHELN. Altersbedingt abgenutzte Z\u00e4hne in der Vorher-Situation Mit Zirkonkronen versorgte Z\u00e4hne um m\u00f6glichst naturgetreuen Zustand zu fr\u00fcher herzustellen.\" \/>\n<meta property=\"og:url\" content=\"https:\/\/su-zahntechnik.online\/?page_id=108\" \/>\n<meta property=\"og:site_name\" content=\"SU Zahntechnik\" \/>\n<meta property=\"article:modified_time\" content=\"2021-07-08T18:02:23+00:00\" \/>\n<meta property=\"og:image\" content=\"https:\/\/su-zahntechnik.online\/wp-content\/uploads\/2021\/07\/su-zahntechnikruesselsheim24-640w-e1625767268940.jpg\" \/>\n\t<meta property=\"og:image:width\" content=\"640\" \/>\n\t<meta property=\"og:image:height\" content=\"427\" \/>\n\t<meta property=\"og:image:type\" content=\"image\/jpeg\" \/>\n<meta name=\"twitter:card\" content=\"summary_large_image\" \/>\n<script type=\"application\/ld+json\" class=\"yoast-schema-graph\">{\"@context\":\"https:\/\/schema.org\",\"@graph\":[{\"@type\":\"WebPage\",\"@id\":\"https:\/\/su-zahntechnik.online\/?page_id=108\",\"url\":\"https:\/\/su-zahntechnik.online\/?page_id=108\",\"name\":\"\u00c4sthetik - SU Zahntechnik\",\"isPartOf\":{\"@id\":\"https:\/\/su-zahntechnik.online\/#website\"},\"primaryImageOfPage\":{\"@id\":\"https:\/\/su-zahntechnik.online\/?page_id=108#primaryimage\"},\"image\":{\"@id\":\"https:\/\/su-zahntechnik.online\/?page_id=108#primaryimage\"},\"thumbnailUrl\":\"https:\/\/su-zahntechnik.online\/wp-content\/uploads\/2021\/07\/su-zahntechnikruesselsheim24-640w-e1625767268940.jpg\",\"datePublished\":\"2021-07-06T17:22:45+00:00\",\"dateModified\":\"2021-07-08T18:02:23+00:00\",\"breadcrumb\":{\"@id\":\"https:\/\/su-zahntechnik.online\/?page_id=108#breadcrumb\"},\"inLanguage\":\"de\",\"potentialAction\":[{\"@type\":\"ReadAction\",\"target\":[\"https:\/\/su-zahntechnik.online\/?page_id=108\"]}]},{\"@type\":\"ImageObject\",\"inLanguage\":\"de\",\"@id\":\"https:\/\/su-zahntechnik.online\/?page_id=108#primaryimage\",\"url\":\"https:\/\/su-zahntechnik.online\/wp-content\/uploads\/2021\/07\/su-zahntechnikruesselsheim24-640w-e1625767268940.jpg\",\"contentUrl\":\"https:\/\/su-zahntechnik.online\/wp-content\/uploads\/2021\/07\/su-zahntechnikruesselsheim24-640w-e1625767268940.jpg\",\"width\":640,\"height\":427},{\"@type\":\"BreadcrumbList\",\"@id\":\"https:\/\/su-zahntechnik.online\/?page_id=108#breadcrumb\",\"itemListElement\":[{\"@type\":\"ListItem\",\"position\":1,\"name\":\"Startseite\",\"item\":\"https:\/\/su-zahntechnik.online\/\"},{\"@type\":\"ListItem\",\"position\":2,\"name\":\"\u00c4sthetik\"}]},{\"@type\":\"WebSite\",\"@id\":\"https:\/\/su-zahntechnik.online\/#website\",\"url\":\"https:\/\/su-zahntechnik.online\/\",\"name\":\"SU Zahntechnik\",\"description\":\"KOMPETENZ f\u00fcr QUALIT\u00c4TSZAHNERSATZ\",\"publisher\":{\"@id\":\"https:\/\/su-zahntechnik.online\/#organization\"},\"potentialAction\":[{\"@type\":\"SearchAction\",\"target\":{\"@type\":\"EntryPoint\",\"urlTemplate\":\"https:\/\/su-zahntechnik.online\/?s={search_term_string}\"},\"query-input\":{\"@type\":\"PropertyValueSpecification\",\"valueRequired\":true,\"valueName\":\"search_term_string\"}}],\"inLanguage\":\"de\"},{\"@type\":\"Organization\",\"@id\":\"https:\/\/su-zahntechnik.online\/#organization\",\"name\":\"SU Zahntechnik Guido Schubert e.K.\",\"url\":\"https:\/\/su-zahntechnik.online\/\",\"logo\":{\"@type\":\"ImageObject\",\"inLanguage\":\"de\",\"@id\":\"https:\/\/su-zahntechnik.online\/#\/schema\/logo\/image\/\",\"url\":\"https:\/\/su-zahntechnik.online\/wp-content\/uploads\/2021\/06\/image-cca9a7a3-350w.png\",\"contentUrl\":\"https:\/\/su-zahntechnik.online\/wp-content\/uploads\/2021\/06\/image-cca9a7a3-350w.png\",\"width\":569,\"height\":217,\"caption\":\"SU Zahntechnik Guido Schubert e.K.\"},\"image\":{\"@id\":\"https:\/\/su-zahntechnik.online\/#\/schema\/logo\/image\/\"}}]}<\/script>\n<!-- \/ Yoast SEO plugin. -->","yoast_head_json":{"title":"\u00c4sthetik - SU Zahntechnik","robots":{"index":"index","follow":"follow","max-snippet":"max-snippet:-1","max-image-preview":"max-image-preview:large","max-video-preview":"max-video-preview:-1"},"canonical":"https:\/\/su-zahntechnik.online\/?page_id=108","og_locale":"de_DE","og_type":"article","og_title":"\u00c4sthetik - SU Zahntechnik","og_description":"Klassische Vorher-Situation Die Situation nachher mit Veneers aus Keramik bietet dem Patienten wieder Mut zum L\u00c4CHELN. Altersbedingt abgenutzte Z\u00e4hne in der Vorher-Situation Mit Zirkonkronen versorgte Z\u00e4hne um m\u00f6glichst naturgetreuen Zustand zu fr\u00fcher herzustellen.","og_url":"https:\/\/su-zahntechnik.online\/?page_id=108","og_site_name":"SU Zahntechnik","article_modified_time":"2021-07-08T18:02:23+00:00","og_image":[{"width":640,"height":427,"url":"https:\/\/su-zahntechnik.online\/wp-content\/uploads\/2021\/07\/su-zahntechnikruesselsheim24-640w-e1625767268940.jpg","type":"image\/jpeg"}],"twitter_card":"summary_large_image","schema":{"@context":"https:\/\/schema.org","@graph":[{"@type":"WebPage","@id":"https:\/\/su-zahntechnik.online\/?page_id=108","url":"https:\/\/su-zahntechnik.online\/?page_id=108","name":"\u00c4sthetik - SU Zahntechnik","isPartOf":{"@id":"https:\/\/su-zahntechnik.online\/#website"},"primaryImageOfPage":{"@id":"https:\/\/su-zahntechnik.online\/?page_id=108#primaryimage"},"image":{"@id":"https:\/\/su-zahntechnik.online\/?page_id=108#primaryimage"},"thumbnailUrl":"https:\/\/su-zahntechnik.online\/wp-content\/uploads\/2021\/07\/su-zahntechnikruesselsheim24-640w-e1625767268940.jpg","datePublished":"2021-07-06T17:22:45+00:00","dateModified":"2021-07-08T18:02:23+00:00","breadcrumb":{"@id":"https:\/\/su-zahntechnik.online\/?page_id=108#breadcrumb"},"inLanguage":"de","potentialAction":[{"@type":"ReadAction","target":["https:\/\/su-zahntechnik.online\/?page_id=108"]}]},{"@type":"ImageObject","inLanguage":"de","@id":"https:\/\/su-zahntechnik.online\/?page_id=108#primaryimage","url":"https:\/\/su-zahntechnik.online\/wp-content\/uploads\/2021\/07\/su-zahntechnikruesselsheim24-640w-e1625767268940.jpg","contentUrl":"https:\/\/su-zahntechnik.online\/wp-content\/uploads\/2021\/07\/su-zahntechnikruesselsheim24-640w-e1625767268940.jpg","width":640,"height":427},{"@type":"BreadcrumbList","@id":"https:\/\/su-zahntechnik.online\/?page_id=108#breadcrumb","itemListElement":[{"@type":"ListItem","position":1,"name":"Startseite","item":"https:\/\/su-zahntechnik.online\/"},{"@type":"ListItem","position":2,"name":"\u00c4sthetik"}]},{"@type":"WebSite","@id":"https:\/\/su-zahntechnik.online\/#website","url":"https:\/\/su-zahntechnik.online\/","name":"SU Zahntechnik","description":"KOMPETENZ f\u00fcr QUALIT\u00c4TSZAHNERSATZ","publisher":{"@id":"https:\/\/su-zahntechnik.online\/#organization"},"potentialAction":[{"@type":"SearchAction","target":{"@type":"EntryPoint","urlTemplate":"https:\/\/su-zahntechnik.online\/?s={search_term_string}"},"query-input":{"@type":"PropertyValueSpecification","valueRequired":true,"valueName":"search_term_string"}}],"inLanguage":"de"},{"@type":"Organization","@id":"https:\/\/su-zahntechnik.online\/#organization","name":"SU Zahntechnik Guido Schubert e.K.","url":"https:\/\/su-zahntechnik.online\/","logo":{"@type":"ImageObject","inLanguage":"de","@id":"https:\/\/su-zahntechnik.online\/#\/schema\/logo\/image\/","url":"https:\/\/su-zahntechnik.online\/wp-content\/uploads\/2021\/06\/image-cca9a7a3-350w.png","contentUrl":"https:\/\/su-zahntechnik.online\/wp-content\/uploads\/2021\/06\/image-cca9a7a3-350w.png","width":569,"height":217,"caption":"SU Zahntechnik Guido Schubert e.K."},"image":{"@id":"https:\/\/su-zahntechnik.online\/#\/schema\/logo\/image\/"}}]}},"_links":{"self":[{"href":"https:\/\/su-zahntechnik.online\/index.php?rest_route=\/wp\/v2\/pages\/108","targetHints":{"allow":["GET"]}}],"collection":[{"href":"https:\/\/su-zahntechnik.online\/index.php?rest_route=\/wp\/v2\/pages"}],"about":[{"href":"https:\/\/su-zahntechnik.online\/index.php?rest_route=\/wp\/v2\/types\/page"}],"author":[{"embeddable":true,"href":"https:\/\/su-zahntechnik.online\/index.php?rest_route=\/wp\/v2\/users\/1"}],"replies":[{"embeddable":true,"href":"https:\/\/su-zahntechnik.online\/index.php?rest_route=%2Fwp%2Fv2%2Fcomments&post=108"}],"version-history":[{"count":48,"href":"https:\/\/su-zahntechnik.online\/index.php?rest_route=\/wp\/v2\/pages\/108\/revisions"}],"predecessor-version":[{"id":235,"href":"https:\/\/su-zahntechnik.online\/index.php?rest_route=\/wp\/v2\/pages\/108\/revisions\/235"}],"wp:featuredmedia":[{"embeddable":true,"href":"https:\/\/su-zahntechnik.online\/index.php?rest_route=\/wp\/v2\/media\/80"}],"wp:attachment":[{"href":"https:\/\/su-zahntechnik.online\/index.php?rest_route=%2Fwp%2Fv2%2Fmedia&parent=108"}],"curies":[{"name":"wp","href":"https:\/\/api.w.org\/{rel}","templated":true}]}}