{"id":13,"date":"2021-07-01T18:26:09","date_gmt":"2021-07-01T18:26:09","guid":{"rendered":"https:\/\/su-zahntechnik.de\/?page_id=13"},"modified":"2021-07-08T18:37:07","modified_gmt":"2021-07-08T16:37:07","slug":"ein-homepage-abschnitt","status":"publish","type":"page","link":"https:\/\/su-zahntechnik.online\/?page_id=13","title":{"rendered":"Unsere Leistungen"},"content":{"rendered":"\t\t<div data-elementor-type=\"wp-page\" data-elementor-id=\"13\" class=\"elementor elementor-13\">\n\t\t\t\t\t\t<section class=\"elementor-section elementor-top-section elementor-element elementor-element-d4f701c elementor-section-full_width elementor-section-height-default elementor-section-height-default\" data-id=\"d4f701c\" data-element_type=\"section\">\n\t\t\t\t\t\t<div class=\"elementor-container elementor-column-gap-default\">\n\t\t\t\t\t<div class=\"elementor-column elementor-col-33 elementor-top-column elementor-element elementor-element-304b94f\" data-id=\"304b94f\" data-element_type=\"column\">\n\t\t\t<div class=\"elementor-widget-wrap elementor-element-populated\">\n\t\t\t\t\t\t<div class=\"elementor-element elementor-element-9e08053 elementor-widget elementor-widget-image\" data-id=\"9e08053\" data-element_type=\"widget\" data-widget_type=\"image.default\">\n\t\t\t\t<div class=\"elementor-widget-container\">\n\t\t\t\t\t\t\t\t\t\t\t\t\t\t\t<img fetchpriority=\"high\" decoding=\"async\" width=\"370\" height=\"278\" src=\"https:\/\/su-zahntechnik.online\/wp-content\/uploads\/2021\/07\/Zahntechnik-veniers-von-Su-Zahntechnik-366w.png\" class=\"attachment-large size-large wp-image-49\" alt=\"Veniers\" srcset=\"https:\/\/su-zahntechnik.online\/wp-content\/uploads\/2021\/07\/Zahntechnik-veniers-von-Su-Zahntechnik-366w.png 370w, https:\/\/su-zahntechnik.online\/wp-content\/uploads\/2021\/07\/Zahntechnik-veniers-von-Su-Zahntechnik-366w-300x225.png 300w\" sizes=\"100vw\" \/>\t\t\t\t\t\t\t\t\t\t\t\t\t\t\t<\/div>\n\t\t\t\t<\/div>\n\t\t\t\t<div class=\"elementor-element elementor-element-483ee81 elementor-widget elementor-widget-text-editor\" data-id=\"483ee81\" data-element_type=\"widget\" data-widget_type=\"text-editor.default\">\n\t\t\t\t<div class=\"elementor-widget-container\">\n\t\t\t\t\t\t\t\t\t<p>Von der klassischen Krone \u00fcber Implantant bis hin zur Teil- und Vollprothese. Erlangen Sie hier einen \u00dcberblick was wir M\u00d6GLICH machen.<\/p>\t\t\t\t\t\t\t\t<\/div>\n\t\t\t\t<\/div>\n\t\t\t\t\t<\/div>\n\t\t<\/div>\n\t\t\t\t<div class=\"elementor-column elementor-col-33 elementor-top-column elementor-element elementor-element-dc60807\" data-id=\"dc60807\" data-element_type=\"column\">\n\t\t\t<div class=\"elementor-widget-wrap elementor-element-populated\">\n\t\t\t\t\t\t<div class=\"elementor-element elementor-element-c2c37bf elementor-widget elementor-widget-image\" data-id=\"c2c37bf\" data-element_type=\"widget\" data-widget_type=\"image.default\">\n\t\t\t\t<div class=\"elementor-widget-container\">\n\t\t\t\t\t\t\t\t\t\t\t\t\t\t\t<img decoding=\"async\" width=\"370\" height=\"278\" src=\"https:\/\/su-zahntechnik.online\/wp-content\/uploads\/2021\/07\/schnarcherschiene-von-su-zahntechnik-366w.png\" class=\"attachment-large size-large wp-image-51\" alt=\"Schnarcherschiene\" srcset=\"https:\/\/su-zahntechnik.online\/wp-content\/uploads\/2021\/07\/schnarcherschiene-von-su-zahntechnik-366w.png 370w, https:\/\/su-zahntechnik.online\/wp-content\/uploads\/2021\/07\/schnarcherschiene-von-su-zahntechnik-366w-300x225.png 300w\" sizes=\"100vw\" \/>\t\t\t\t\t\t\t\t\t\t\t\t\t\t\t<\/div>\n\t\t\t\t<\/div>\n\t\t\t\t<div class=\"elementor-element elementor-element-eb3b274 elementor-widget elementor-widget-text-editor\" data-id=\"eb3b274\" data-element_type=\"widget\" data-widget_type=\"text-editor.default\">\n\t\t\t\t<div class=\"elementor-widget-container\">\n\t\t\t\t\t\t\t\t\t<p>Viele leiden unter dem Problem SCHNARCHEN und damit LEIDET auch die Partnerschaft. Wir schaffen Abhilfe und damit eine ruhige Nacht.<\/p>\t\t\t\t\t\t\t\t<\/div>\n\t\t\t\t<\/div>\n\t\t\t\t\t<\/div>\n\t\t<\/div>\n\t\t\t\t<div class=\"elementor-column elementor-col-33 elementor-top-column elementor-element elementor-element-e641801\" data-id=\"e641801\" data-element_type=\"column\">\n\t\t\t<div class=\"elementor-widget-wrap elementor-element-populated\">\n\t\t\t\t\t\t<div class=\"elementor-element elementor-element-8bef554 elementor-widget elementor-widget-image\" data-id=\"8bef554\" data-element_type=\"widget\" data-widget_type=\"image.default\">\n\t\t\t\t<div class=\"elementor-widget-container\">\n\t\t\t\t\t\t\t\t\t\t\t\t\t\t\t<img decoding=\"async\" width=\"640\" height=\"480\" src=\"https:\/\/su-zahntechnik.online\/wp-content\/uploads\/2021\/07\/Su-zahntechnik-ruesselsheim-aesthetik-mit-biss-366w.png\" class=\"attachment-large size-large wp-image-34\" alt=\"\" srcset=\"https:\/\/su-zahntechnik.online\/wp-content\/uploads\/2021\/07\/Su-zahntechnik-ruesselsheim-aesthetik-mit-biss-366w.png 640w, https:\/\/su-zahntechnik.online\/wp-content\/uploads\/2021\/07\/Su-zahntechnik-ruesselsheim-aesthetik-mit-biss-366w-300x225.png 300w\" sizes=\"100vw\" \/>\t\t\t\t\t\t\t\t\t\t\t\t\t\t\t<\/div>\n\t\t\t\t<\/div>\n\t\t\t\t<div class=\"elementor-element elementor-element-61e444a elementor-widget elementor-widget-text-editor\" data-id=\"61e444a\" data-element_type=\"widget\" data-widget_type=\"text-editor.default\">\n\t\t\t\t<div class=\"elementor-widget-container\">\n\t\t\t\t\t\t\t\t\t<p>Z\u00e4hne sind unser sch\u00f6nster Schmuck. Wir tun alles, damit Sie Z\u00e4hne zeigen k\u00f6nnen. Die M\u00f6glichkeiten von HEUTE f\u00fcr ein \u00e4sthetisches LACHEN.<\/p>\t\t\t\t\t\t\t\t<\/div>\n\t\t\t\t<\/div>\n\t\t\t\t\t<\/div>\n\t\t<\/div>\n\t\t\t\t\t<\/div>\n\t\t<\/section>\n\t\t\t\t<\/div>\n\t\t","protected":false},"excerpt":{"rendered":"<p>Von der klassischen Krone \u00fcber Implantant bis hin zur Teil- und Vollprothese. Erlangen Sie hier einen \u00dcberblick was wir M\u00d6GLICH machen. Viele leiden unter dem Problem SCHNARCHEN und damit LEIDET auch die Partnerschaft. Wir schaffen Abhilfe und damit eine ruhige Nacht. Z\u00e4hne sind unser sch\u00f6nster Schmuck. Wir tun alles, damit Sie Z\u00e4hne zeigen k\u00f6nnen. Die &hellip; <\/p>\n<p class=\"link-more\"><a href=\"https:\/\/su-zahntechnik.online\/?page_id=13\" class=\"more-link\"><span class=\"screen-reader-text\">\u201eUnsere Leistungen\u201c <\/span>weiterlesen<\/a><\/p>\n","protected":false},"author":1,"featured_media":0,"parent":0,"menu_order":0,"comment_status":"closed","ping_status":"closed","template":"","meta":{"footnotes":""},"class_list":["post-13","page","type-page","status-publish","hentry"],"yoast_head":"<!-- This site is optimized with the Yoast SEO plugin v26.6 - https:\/\/yoast.com\/wordpress\/plugins\/seo\/ -->\n<title>Unsere Leistungen - SU Zahntechnik<\/title>\n<meta name=\"robots\" content=\"index, follow, max-snippet:-1, max-image-preview:large, max-video-preview:-1\" \/>\n<link rel=\"canonical\" href=\"https:\/\/su-zahntechnik.online\/?page_id=13\" \/>\n<meta property=\"og:locale\" content=\"de_DE\" \/>\n<meta property=\"og:type\" content=\"article\" \/>\n<meta property=\"og:title\" content=\"Unsere Leistungen - SU Zahntechnik\" \/>\n<meta property=\"og:description\" content=\"Von der klassischen Krone \u00fcber Implantant bis hin zur Teil- und Vollprothese. Erlangen Sie hier einen \u00dcberblick was wir M\u00d6GLICH machen. Viele leiden unter dem Problem SCHNARCHEN und damit LEIDET auch die Partnerschaft. Wir schaffen Abhilfe und damit eine ruhige Nacht. Z\u00e4hne sind unser sch\u00f6nster Schmuck. Wir tun alles, damit Sie Z\u00e4hne zeigen k\u00f6nnen. Die &hellip; \u201eUnsere Leistungen\u201c weiterlesen\" \/>\n<meta property=\"og:url\" content=\"https:\/\/su-zahntechnik.online\/?page_id=13\" \/>\n<meta property=\"og:site_name\" content=\"SU Zahntechnik\" \/>\n<meta property=\"article:modified_time\" content=\"2021-07-08T16:37:07+00:00\" \/>\n<meta property=\"og:image\" content=\"https:\/\/su-zahntechnik.online\/wp-content\/uploads\/2021\/07\/Zahntechnik-veniers-von-Su-Zahntechnik-366w.png\" \/>\n\t<meta property=\"og:image:width\" content=\"370\" \/>\n\t<meta property=\"og:image:height\" content=\"278\" \/>\n\t<meta property=\"og:image:type\" content=\"image\/png\" \/>\n<meta name=\"twitter:card\" content=\"summary_large_image\" \/>\n<script type=\"application\/ld+json\" class=\"yoast-schema-graph\">{\"@context\":\"https:\/\/schema.org\",\"@graph\":[{\"@type\":\"WebPage\",\"@id\":\"https:\/\/su-zahntechnik.online\/?page_id=13\",\"url\":\"https:\/\/su-zahntechnik.online\/?page_id=13\",\"name\":\"Unsere Leistungen - SU Zahntechnik\",\"isPartOf\":{\"@id\":\"https:\/\/su-zahntechnik.online\/#website\"},\"primaryImageOfPage\":{\"@id\":\"https:\/\/su-zahntechnik.online\/?page_id=13#primaryimage\"},\"image\":{\"@id\":\"https:\/\/su-zahntechnik.online\/?page_id=13#primaryimage\"},\"thumbnailUrl\":\"https:\/\/su-zahntechnik.online\/wp-content\/uploads\/2021\/07\/Zahntechnik-veniers-von-Su-Zahntechnik-366w.png\",\"datePublished\":\"2021-07-01T18:26:09+00:00\",\"dateModified\":\"2021-07-08T16:37:07+00:00\",\"breadcrumb\":{\"@id\":\"https:\/\/su-zahntechnik.online\/?page_id=13#breadcrumb\"},\"inLanguage\":\"de\",\"potentialAction\":[{\"@type\":\"ReadAction\",\"target\":[\"https:\/\/su-zahntechnik.online\/?page_id=13\"]}]},{\"@type\":\"ImageObject\",\"inLanguage\":\"de\",\"@id\":\"https:\/\/su-zahntechnik.online\/?page_id=13#primaryimage\",\"url\":\"https:\/\/su-zahntechnik.online\/wp-content\/uploads\/2021\/07\/Zahntechnik-veniers-von-Su-Zahntechnik-366w.png\",\"contentUrl\":\"https:\/\/su-zahntechnik.online\/wp-content\/uploads\/2021\/07\/Zahntechnik-veniers-von-Su-Zahntechnik-366w.png\",\"width\":370,\"height\":278,\"caption\":\"Veniers\"},{\"@type\":\"BreadcrumbList\",\"@id\":\"https:\/\/su-zahntechnik.online\/?page_id=13#breadcrumb\",\"itemListElement\":[{\"@type\":\"ListItem\",\"position\":1,\"name\":\"Startseite\",\"item\":\"https:\/\/su-zahntechnik.online\/\"},{\"@type\":\"ListItem\",\"position\":2,\"name\":\"Unsere Leistungen\"}]},{\"@type\":\"WebSite\",\"@id\":\"https:\/\/su-zahntechnik.online\/#website\",\"url\":\"https:\/\/su-zahntechnik.online\/\",\"name\":\"SU Zahntechnik\",\"description\":\"KOMPETENZ f\u00fcr QUALIT\u00c4TSZAHNERSATZ\",\"publisher\":{\"@id\":\"https:\/\/su-zahntechnik.online\/#organization\"},\"potentialAction\":[{\"@type\":\"SearchAction\",\"target\":{\"@type\":\"EntryPoint\",\"urlTemplate\":\"https:\/\/su-zahntechnik.online\/?s={search_term_string}\"},\"query-input\":{\"@type\":\"PropertyValueSpecification\",\"valueRequired\":true,\"valueName\":\"search_term_string\"}}],\"inLanguage\":\"de\"},{\"@type\":\"Organization\",\"@id\":\"https:\/\/su-zahntechnik.online\/#organization\",\"name\":\"SU Zahntechnik Guido Schubert e.K.\",\"url\":\"https:\/\/su-zahntechnik.online\/\",\"logo\":{\"@type\":\"ImageObject\",\"inLanguage\":\"de\",\"@id\":\"https:\/\/su-zahntechnik.online\/#\/schema\/logo\/image\/\",\"url\":\"https:\/\/su-zahntechnik.online\/wp-content\/uploads\/2021\/06\/image-cca9a7a3-350w.png\",\"contentUrl\":\"https:\/\/su-zahntechnik.online\/wp-content\/uploads\/2021\/06\/image-cca9a7a3-350w.png\",\"width\":569,\"height\":217,\"caption\":\"SU Zahntechnik Guido Schubert e.K.\"},\"image\":{\"@id\":\"https:\/\/su-zahntechnik.online\/#\/schema\/logo\/image\/\"}}]}<\/script>\n<!-- \/ Yoast SEO plugin. -->","yoast_head_json":{"title":"Unsere Leistungen - SU Zahntechnik","robots":{"index":"index","follow":"follow","max-snippet":"max-snippet:-1","max-image-preview":"max-image-preview:large","max-video-preview":"max-video-preview:-1"},"canonical":"https:\/\/su-zahntechnik.online\/?page_id=13","og_locale":"de_DE","og_type":"article","og_title":"Unsere Leistungen - SU Zahntechnik","og_description":"Von der klassischen Krone \u00fcber Implantant bis hin zur Teil- und Vollprothese. Erlangen Sie hier einen \u00dcberblick was wir M\u00d6GLICH machen. Viele leiden unter dem Problem SCHNARCHEN und damit LEIDET auch die Partnerschaft. Wir schaffen Abhilfe und damit eine ruhige Nacht. Z\u00e4hne sind unser sch\u00f6nster Schmuck. Wir tun alles, damit Sie Z\u00e4hne zeigen k\u00f6nnen. Die &hellip; \u201eUnsere Leistungen\u201c weiterlesen","og_url":"https:\/\/su-zahntechnik.online\/?page_id=13","og_site_name":"SU Zahntechnik","article_modified_time":"2021-07-08T16:37:07+00:00","og_image":[{"width":370,"height":278,"url":"https:\/\/su-zahntechnik.online\/wp-content\/uploads\/2021\/07\/Zahntechnik-veniers-von-Su-Zahntechnik-366w.png","type":"image\/png"}],"twitter_card":"summary_large_image","schema":{"@context":"https:\/\/schema.org","@graph":[{"@type":"WebPage","@id":"https:\/\/su-zahntechnik.online\/?page_id=13","url":"https:\/\/su-zahntechnik.online\/?page_id=13","name":"Unsere Leistungen - SU Zahntechnik","isPartOf":{"@id":"https:\/\/su-zahntechnik.online\/#website"},"primaryImageOfPage":{"@id":"https:\/\/su-zahntechnik.online\/?page_id=13#primaryimage"},"image":{"@id":"https:\/\/su-zahntechnik.online\/?page_id=13#primaryimage"},"thumbnailUrl":"https:\/\/su-zahntechnik.online\/wp-content\/uploads\/2021\/07\/Zahntechnik-veniers-von-Su-Zahntechnik-366w.png","datePublished":"2021-07-01T18:26:09+00:00","dateModified":"2021-07-08T16:37:07+00:00","breadcrumb":{"@id":"https:\/\/su-zahntechnik.online\/?page_id=13#breadcrumb"},"inLanguage":"de","potentialAction":[{"@type":"ReadAction","target":["https:\/\/su-zahntechnik.online\/?page_id=13"]}]},{"@type":"ImageObject","inLanguage":"de","@id":"https:\/\/su-zahntechnik.online\/?page_id=13#primaryimage","url":"https:\/\/su-zahntechnik.online\/wp-content\/uploads\/2021\/07\/Zahntechnik-veniers-von-Su-Zahntechnik-366w.png","contentUrl":"https:\/\/su-zahntechnik.online\/wp-content\/uploads\/2021\/07\/Zahntechnik-veniers-von-Su-Zahntechnik-366w.png","width":370,"height":278,"caption":"Veniers"},{"@type":"BreadcrumbList","@id":"https:\/\/su-zahntechnik.online\/?page_id=13#breadcrumb","itemListElement":[{"@type":"ListItem","position":1,"name":"Startseite","item":"https:\/\/su-zahntechnik.online\/"},{"@type":"ListItem","position":2,"name":"Unsere Leistungen"}]},{"@type":"WebSite","@id":"https:\/\/su-zahntechnik.online\/#website","url":"https:\/\/su-zahntechnik.online\/","name":"SU Zahntechnik","description":"KOMPETENZ f\u00fcr QUALIT\u00c4TSZAHNERSATZ","publisher":{"@id":"https:\/\/su-zahntechnik.online\/#organization"},"potentialAction":[{"@type":"SearchAction","target":{"@type":"EntryPoint","urlTemplate":"https:\/\/su-zahntechnik.online\/?s={search_term_string}"},"query-input":{"@type":"PropertyValueSpecification","valueRequired":true,"valueName":"search_term_string"}}],"inLanguage":"de"},{"@type":"Organization","@id":"https:\/\/su-zahntechnik.online\/#organization","name":"SU Zahntechnik Guido Schubert e.K.","url":"https:\/\/su-zahntechnik.online\/","logo":{"@type":"ImageObject","inLanguage":"de","@id":"https:\/\/su-zahntechnik.online\/#\/schema\/logo\/image\/","url":"https:\/\/su-zahntechnik.online\/wp-content\/uploads\/2021\/06\/image-cca9a7a3-350w.png","contentUrl":"https:\/\/su-zahntechnik.online\/wp-content\/uploads\/2021\/06\/image-cca9a7a3-350w.png","width":569,"height":217,"caption":"SU Zahntechnik Guido Schubert e.K."},"image":{"@id":"https:\/\/su-zahntechnik.online\/#\/schema\/logo\/image\/"}}]}},"_links":{"self":[{"href":"https:\/\/su-zahntechnik.online\/index.php?rest_route=\/wp\/v2\/pages\/13","targetHints":{"allow":["GET"]}}],"collection":[{"href":"https:\/\/su-zahntechnik.online\/index.php?rest_route=\/wp\/v2\/pages"}],"about":[{"href":"https:\/\/su-zahntechnik.online\/index.php?rest_route=\/wp\/v2\/types\/page"}],"author":[{"embeddable":true,"href":"https:\/\/su-zahntechnik.online\/index.php?rest_route=\/wp\/v2\/users\/1"}],"replies":[{"embeddable":true,"href":"https:\/\/su-zahntechnik.online\/index.php?rest_route=%2Fwp%2Fv2%2Fcomments&post=13"}],"version-history":[{"count":20,"href":"https:\/\/su-zahntechnik.online\/index.php?rest_route=\/wp\/v2\/pages\/13\/revisions"}],"predecessor-version":[{"id":91,"href":"https:\/\/su-zahntechnik.online\/index.php?rest_route=\/wp\/v2\/pages\/13\/revisions\/91"}],"wp:attachment":[{"href":"https:\/\/su-zahntechnik.online\/index.php?rest_route=%2Fwp%2Fv2%2Fmedia&parent=13"}],"curies":[{"name":"wp","href":"https:\/\/api.w.org\/{rel}","templated":true}]}}