{"id":150,"date":"2021-07-08T18:18:25","date_gmt":"2021-07-08T16:18:25","guid":{"rendered":"https:\/\/su-zahntechnik.online\/?page_id=150"},"modified":"2021-07-08T18:46:26","modified_gmt":"2021-07-08T16:46:26","slug":"jobs","status":"publish","type":"page","link":"https:\/\/su-zahntechnik.online\/?page_id=150","title":{"rendered":"Jobs"},"content":{"rendered":"\n<h1 class=\"wp-block-heading\"><strong>Erfahrene\/r Zahntechniker\/in (m\/w\/d) in Vollzeit<\/strong><\/h1>\n\n\n\n<p>F\u00fcr die Schwerpunkte Kombitechnik, Total- und Teilprothetik (MG) suchen wir zum n\u00e4chstm\u00f6glichen Zeitpunkt eine\/n erfahrene\/n Zahntechniker\/in (m\/w\/d) in Vollzeit.Gerne als Stellvertreter\/in mit der Option der sp\u00e4teren Nachfolge. Wir freuen uns \u00fcber Ihre Bewerbungsunterlagen per E-Mail an: su-zahntechnik@t-online.de oder an unsere Postanschrift.\u00a0<\/p>\n\n\n\n<p><\/p>\n","protected":false},"excerpt":{"rendered":"<p>Erfahrene\/r Zahntechniker\/in (m\/w\/d) in Vollzeit F\u00fcr die Schwerpunkte Kombitechnik, Total- und Teilprothetik (MG) suchen wir zum n\u00e4chstm\u00f6glichen Zeitpunkt eine\/n erfahrene\/n Zahntechniker\/in (m\/w\/d) in Vollzeit.Gerne als Stellvertreter\/in mit der Option der sp\u00e4teren Nachfolge. Wir freuen uns \u00fcber Ihre Bewerbungsunterlagen per E-Mail an: su-zahntechnik@t-online.de oder an unsere Postanschrift.\u00a0<\/p>\n","protected":false},"author":1,"featured_media":168,"parent":0,"menu_order":0,"comment_status":"closed","ping_status":"closed","template":"","meta":{"footnotes":""},"class_list":["post-150","page","type-page","status-publish","has-post-thumbnail","hentry"],"yoast_head":"<!-- This site is optimized with the Yoast SEO plugin v26.6 - https:\/\/yoast.com\/wordpress\/plugins\/seo\/ -->\n<title>Jobs - SU Zahntechnik<\/title>\n<meta name=\"robots\" content=\"index, follow, max-snippet:-1, max-image-preview:large, max-video-preview:-1\" \/>\n<link rel=\"canonical\" href=\"https:\/\/su-zahntechnik.online\/?page_id=150\" \/>\n<meta property=\"og:locale\" content=\"de_DE\" \/>\n<meta property=\"og:type\" content=\"article\" \/>\n<meta property=\"og:title\" content=\"Jobs - SU Zahntechnik\" \/>\n<meta property=\"og:description\" content=\"Erfahrene\/r Zahntechniker\/in (m\/w\/d) in Vollzeit F\u00fcr die Schwerpunkte Kombitechnik, Total- und Teilprothetik (MG) suchen wir zum n\u00e4chstm\u00f6glichen Zeitpunkt eine\/n erfahrene\/n Zahntechniker\/in (m\/w\/d) in Vollzeit.Gerne als Stellvertreter\/in mit der Option der sp\u00e4teren Nachfolge. Wir freuen uns \u00fcber Ihre Bewerbungsunterlagen per E-Mail an: su-zahntechnik@t-online.de oder an unsere Postanschrift.\u00a0\" \/>\n<meta property=\"og:url\" content=\"https:\/\/su-zahntechnik.online\/?page_id=150\" \/>\n<meta property=\"og:site_name\" content=\"SU Zahntechnik\" \/>\n<meta property=\"article:modified_time\" content=\"2021-07-08T16:46:26+00:00\" \/>\n<meta property=\"og:image\" content=\"https:\/\/su-zahntechnik.online\/wp-content\/uploads\/2021\/07\/su-zahntechnikruesselsheim39.jpg\" \/>\n\t<meta property=\"og:image:width\" content=\"1084\" \/>\n\t<meta property=\"og:image:height\" content=\"720\" \/>\n\t<meta property=\"og:image:type\" content=\"image\/jpeg\" \/>\n<meta name=\"twitter:card\" content=\"summary_large_image\" \/>\n<script type=\"application\/ld+json\" class=\"yoast-schema-graph\">{\"@context\":\"https:\/\/schema.org\",\"@graph\":[{\"@type\":\"WebPage\",\"@id\":\"https:\/\/su-zahntechnik.online\/?page_id=150\",\"url\":\"https:\/\/su-zahntechnik.online\/?page_id=150\",\"name\":\"Jobs - SU Zahntechnik\",\"isPartOf\":{\"@id\":\"https:\/\/su-zahntechnik.online\/#website\"},\"primaryImageOfPage\":{\"@id\":\"https:\/\/su-zahntechnik.online\/?page_id=150#primaryimage\"},\"image\":{\"@id\":\"https:\/\/su-zahntechnik.online\/?page_id=150#primaryimage\"},\"thumbnailUrl\":\"https:\/\/su-zahntechnik.online\/wp-content\/uploads\/2021\/07\/su-zahntechnikruesselsheim39.jpg\",\"datePublished\":\"2021-07-08T16:18:25+00:00\",\"dateModified\":\"2021-07-08T16:46:26+00:00\",\"breadcrumb\":{\"@id\":\"https:\/\/su-zahntechnik.online\/?page_id=150#breadcrumb\"},\"inLanguage\":\"de\",\"potentialAction\":[{\"@type\":\"ReadAction\",\"target\":[\"https:\/\/su-zahntechnik.online\/?page_id=150\"]}]},{\"@type\":\"ImageObject\",\"inLanguage\":\"de\",\"@id\":\"https:\/\/su-zahntechnik.online\/?page_id=150#primaryimage\",\"url\":\"https:\/\/su-zahntechnik.online\/wp-content\/uploads\/2021\/07\/su-zahntechnikruesselsheim39.jpg\",\"contentUrl\":\"https:\/\/su-zahntechnik.online\/wp-content\/uploads\/2021\/07\/su-zahntechnikruesselsheim39.jpg\",\"width\":1084,\"height\":720},{\"@type\":\"BreadcrumbList\",\"@id\":\"https:\/\/su-zahntechnik.online\/?page_id=150#breadcrumb\",\"itemListElement\":[{\"@type\":\"ListItem\",\"position\":1,\"name\":\"Startseite\",\"item\":\"https:\/\/su-zahntechnik.online\/\"},{\"@type\":\"ListItem\",\"position\":2,\"name\":\"Jobs\"}]},{\"@type\":\"WebSite\",\"@id\":\"https:\/\/su-zahntechnik.online\/#website\",\"url\":\"https:\/\/su-zahntechnik.online\/\",\"name\":\"SU Zahntechnik\",\"description\":\"KOMPETENZ f\u00fcr QUALIT\u00c4TSZAHNERSATZ\",\"publisher\":{\"@id\":\"https:\/\/su-zahntechnik.online\/#organization\"},\"potentialAction\":[{\"@type\":\"SearchAction\",\"target\":{\"@type\":\"EntryPoint\",\"urlTemplate\":\"https:\/\/su-zahntechnik.online\/?s={search_term_string}\"},\"query-input\":{\"@type\":\"PropertyValueSpecification\",\"valueRequired\":true,\"valueName\":\"search_term_string\"}}],\"inLanguage\":\"de\"},{\"@type\":\"Organization\",\"@id\":\"https:\/\/su-zahntechnik.online\/#organization\",\"name\":\"SU Zahntechnik Guido Schubert e.K.\",\"url\":\"https:\/\/su-zahntechnik.online\/\",\"logo\":{\"@type\":\"ImageObject\",\"inLanguage\":\"de\",\"@id\":\"https:\/\/su-zahntechnik.online\/#\/schema\/logo\/image\/\",\"url\":\"https:\/\/su-zahntechnik.online\/wp-content\/uploads\/2021\/06\/image-cca9a7a3-350w.png\",\"contentUrl\":\"https:\/\/su-zahntechnik.online\/wp-content\/uploads\/2021\/06\/image-cca9a7a3-350w.png\",\"width\":569,\"height\":217,\"caption\":\"SU Zahntechnik Guido Schubert e.K.\"},\"image\":{\"@id\":\"https:\/\/su-zahntechnik.online\/#\/schema\/logo\/image\/\"}}]}<\/script>\n<!-- \/ Yoast SEO plugin. -->","yoast_head_json":{"title":"Jobs - SU Zahntechnik","robots":{"index":"index","follow":"follow","max-snippet":"max-snippet:-1","max-image-preview":"max-image-preview:large","max-video-preview":"max-video-preview:-1"},"canonical":"https:\/\/su-zahntechnik.online\/?page_id=150","og_locale":"de_DE","og_type":"article","og_title":"Jobs - SU Zahntechnik","og_description":"Erfahrene\/r Zahntechniker\/in (m\/w\/d) in Vollzeit F\u00fcr die Schwerpunkte Kombitechnik, Total- und Teilprothetik (MG) suchen wir zum n\u00e4chstm\u00f6glichen Zeitpunkt eine\/n erfahrene\/n Zahntechniker\/in (m\/w\/d) in Vollzeit.Gerne als Stellvertreter\/in mit der Option der sp\u00e4teren Nachfolge. Wir freuen uns \u00fcber Ihre Bewerbungsunterlagen per E-Mail an: su-zahntechnik@t-online.de oder an unsere Postanschrift.\u00a0","og_url":"https:\/\/su-zahntechnik.online\/?page_id=150","og_site_name":"SU Zahntechnik","article_modified_time":"2021-07-08T16:46:26+00:00","og_image":[{"width":1084,"height":720,"url":"https:\/\/su-zahntechnik.online\/wp-content\/uploads\/2021\/07\/su-zahntechnikruesselsheim39.jpg","type":"image\/jpeg"}],"twitter_card":"summary_large_image","schema":{"@context":"https:\/\/schema.org","@graph":[{"@type":"WebPage","@id":"https:\/\/su-zahntechnik.online\/?page_id=150","url":"https:\/\/su-zahntechnik.online\/?page_id=150","name":"Jobs - SU Zahntechnik","isPartOf":{"@id":"https:\/\/su-zahntechnik.online\/#website"},"primaryImageOfPage":{"@id":"https:\/\/su-zahntechnik.online\/?page_id=150#primaryimage"},"image":{"@id":"https:\/\/su-zahntechnik.online\/?page_id=150#primaryimage"},"thumbnailUrl":"https:\/\/su-zahntechnik.online\/wp-content\/uploads\/2021\/07\/su-zahntechnikruesselsheim39.jpg","datePublished":"2021-07-08T16:18:25+00:00","dateModified":"2021-07-08T16:46:26+00:00","breadcrumb":{"@id":"https:\/\/su-zahntechnik.online\/?page_id=150#breadcrumb"},"inLanguage":"de","potentialAction":[{"@type":"ReadAction","target":["https:\/\/su-zahntechnik.online\/?page_id=150"]}]},{"@type":"ImageObject","inLanguage":"de","@id":"https:\/\/su-zahntechnik.online\/?page_id=150#primaryimage","url":"https:\/\/su-zahntechnik.online\/wp-content\/uploads\/2021\/07\/su-zahntechnikruesselsheim39.jpg","contentUrl":"https:\/\/su-zahntechnik.online\/wp-content\/uploads\/2021\/07\/su-zahntechnikruesselsheim39.jpg","width":1084,"height":720},{"@type":"BreadcrumbList","@id":"https:\/\/su-zahntechnik.online\/?page_id=150#breadcrumb","itemListElement":[{"@type":"ListItem","position":1,"name":"Startseite","item":"https:\/\/su-zahntechnik.online\/"},{"@type":"ListItem","position":2,"name":"Jobs"}]},{"@type":"WebSite","@id":"https:\/\/su-zahntechnik.online\/#website","url":"https:\/\/su-zahntechnik.online\/","name":"SU Zahntechnik","description":"KOMPETENZ f\u00fcr QUALIT\u00c4TSZAHNERSATZ","publisher":{"@id":"https:\/\/su-zahntechnik.online\/#organization"},"potentialAction":[{"@type":"SearchAction","target":{"@type":"EntryPoint","urlTemplate":"https:\/\/su-zahntechnik.online\/?s={search_term_string}"},"query-input":{"@type":"PropertyValueSpecification","valueRequired":true,"valueName":"search_term_string"}}],"inLanguage":"de"},{"@type":"Organization","@id":"https:\/\/su-zahntechnik.online\/#organization","name":"SU Zahntechnik Guido Schubert e.K.","url":"https:\/\/su-zahntechnik.online\/","logo":{"@type":"ImageObject","inLanguage":"de","@id":"https:\/\/su-zahntechnik.online\/#\/schema\/logo\/image\/","url":"https:\/\/su-zahntechnik.online\/wp-content\/uploads\/2021\/06\/image-cca9a7a3-350w.png","contentUrl":"https:\/\/su-zahntechnik.online\/wp-content\/uploads\/2021\/06\/image-cca9a7a3-350w.png","width":569,"height":217,"caption":"SU Zahntechnik Guido Schubert e.K."},"image":{"@id":"https:\/\/su-zahntechnik.online\/#\/schema\/logo\/image\/"}}]}},"_links":{"self":[{"href":"https:\/\/su-zahntechnik.online\/index.php?rest_route=\/wp\/v2\/pages\/150","targetHints":{"allow":["GET"]}}],"collection":[{"href":"https:\/\/su-zahntechnik.online\/index.php?rest_route=\/wp\/v2\/pages"}],"about":[{"href":"https:\/\/su-zahntechnik.online\/index.php?rest_route=\/wp\/v2\/types\/page"}],"author":[{"embeddable":true,"href":"https:\/\/su-zahntechnik.online\/index.php?rest_route=\/wp\/v2\/users\/1"}],"replies":[{"embeddable":true,"href":"https:\/\/su-zahntechnik.online\/index.php?rest_route=%2Fwp%2Fv2%2Fcomments&post=150"}],"version-history":[{"count":3,"href":"https:\/\/su-zahntechnik.online\/index.php?rest_route=\/wp\/v2\/pages\/150\/revisions"}],"predecessor-version":[{"id":167,"href":"https:\/\/su-zahntechnik.online\/index.php?rest_route=\/wp\/v2\/pages\/150\/revisions\/167"}],"wp:featuredmedia":[{"embeddable":true,"href":"https:\/\/su-zahntechnik.online\/index.php?rest_route=\/wp\/v2\/media\/168"}],"wp:attachment":[{"href":"https:\/\/su-zahntechnik.online\/index.php?rest_route=%2Fwp%2Fv2%2Fmedia&parent=150"}],"curies":[{"name":"wp","href":"https:\/\/api.w.org\/{rel}","templated":true}]}}